 = 5*v - 5*z, 0 = 3*z + 15. Suppose -856 = v*m - 64*m. What is the hundreds digit of m?
2
Suppose -247*t = -242*t - 1950. What is the tens digit of t?
9
Let r = -326 + 502. What is the units digit of r?
6
Suppose x + 8*c - 124 = 3*c, x - 152 = 2*c. Suppose 8*o - 4*o = 12. Suppose -f = o*f - x. What is the tens digit of f?
3
Let q be (7/21)/(2/18). Suppose q*m + 31 = 4*j, 4*m + 8 = -5*j + 2*j. Suppose -z + j*h - 7 = 0, 2*z - 4 - 2 = 3*h. What is the units digit of z?
9
Let t(m) = -5*m**3 + 11*m**2 + m + 2. Let j(g) = 14*g**3 - 32*g**2 - 3*g - 7. Let v(q) = -4*j(q) - 11*t(q). What is the units digit of v(5)?
1
Let v(x) be the second derivative of -x**4/12 - x**3/6 + x**2/2 - 9*x. Let d(h) = -5*h**2 - h + 2. Let t(r) = -d(r) + 4*v(r). What is the tens digit of t(5)?
1
Suppose -9*c + 32*c - 11316 = 0. What is the hundreds digit of c?
4
Let q be -3*6/(2 - (1 - 0)). What is the units digit of 275/(-80)*q - (-1)/8?
2
Let a(u) = 2*u - 6. Let c be a(5). Let k be 329/c + 4/(-16). Suppose -5*t + 68 = -k. What is the tens digit of t?
3
Let s(u) = -3*u**3 - u**2 - 6*u - 6. Let j be s(-2). Suppose 3510 = -13*x + j*x. What is the tens digit of x?
7
Suppose -8*u - 7*u = -11280. What is the units digit of u?
2
Suppose -6*x = -7*x + 1. Let p(r) = 25*r**2 - 8*r**2 + x + 24*r**2. What is the units digit of p(-1)?
2
Suppose -5*f = -10*f - 125. Let w be 10/f + 68/(-5). What is the tens digit of (-68)/(-7) + (-4)/w?
1
What is the units digit of (-458)/(((-4)/16)/((-1)/(-8)))?
9
Suppose 2*z + 4*d + 24 = -0*z, -3*d = -2*z - 17. Let p be 4/z + (-333)/(-45). Suppose 4*m = p*m - 159. What is the tens digit of m?
5
Let y = -553 - -3563. What is the units digit of y?
0
Let x(k) = k**2 + 11*k + 14. Let j be x(-10). Let u be 20 + (-4 + j)/4. What is the units digit of u/70 + 710/14?
1
Suppose 0 = p - 5, k + 0*p - 611 = 4*p. What is the units digit of k?
1
Suppose -70 = 3*m + 14. Let f = 71 - m. What is the tens digit of f?
9
Suppose 4*f - 55 = -f. Let p(g) = g - 11. Let n be p(f). Suppose n = 3*w - 25 - 38. What is the tens digit of w?
2
Let p(r) = 5*r**3 - 2*r**2 + 11*r + 13. What is the hundreds digit of p(6)?
0
Suppose 12*h - 15474 = 4758. What is the tens digit of h?
8
Let y = -5 + -1. Let c(a) = a**3 + 7*a**2 + a - 8. Let r be c(y). What is the tens digit of (-3)/(12/8) + r?
2
Let v(i) = 0*i**3 + i + 16 + 14*i + i**3 - 11*i**2 - 3*i. Let w be v(10). What is the units digit of (-48)/w*(-6)/4?
2
Suppose 30*o = 35*o - 10. Let a = 23 + o. What is the tens digit of a?
2
Suppose 60*k - 143792 = 17*k. What is the thousands digit of k?
3
Suppose 2*c = -o + 1512, -5*o + 4*c = 4142 - 11688. What is the units digit of o?
0
Suppose 9 = 2*n - 55. Let p be 1*4*696/n. Suppose 0 = -4*w + 85 + p. What is the units digit of w?
3
Suppose -2*x + 3 - 11 = 0, -4*z - x = -128. Let i = z - 10. What is the units digit of (-1)/(((-3)/3)/i)?
3
Suppose 5*k = z + 2211, 2*z = -4*k + 3*k + 451. What is the hundreds digit of k?
4
Suppose 0 = 6*d + 483 - 2247. What is the hundreds digit of d?
2
Let z be -2*(462/4)/(-7). Suppose 25 - z = -4*p. What is the units digit of p?
2
Let m(b) = 11*b**2 + 24*b + 18. What is the hundreds digit of m(-7)?
3
Suppose 4 = -n - 5. Let b(m) be the first derivative of -m**2 - 2*m - 218. What is the units digit of b(n)?
6
Let u(q) = q**3 + 5*q**2 - q - 14. Let b be u(-5). Let k(p) = p**3 + 10*p**2 + 5*p - 7. What is the units digit of k(b)?
9
Let i(m) be the third derivative of m**4/12 - m**3/3 + m**2. Let g(b) = -b + 2. Let t(p) = -3*g(p) - 2*i(p). What is the units digit of t(-11)?
9
Let h(d) be the third derivative of d**5/30 + 11*d**4/24 - 2*d**3/3 - 2*d**2. Let g be h(-6). Suppose 3*b - g*b - 59 = 0. What is the tens digit of b?
5
Suppose 0 = 4*w + 20, m + w = 6 + 136. What is the tens digit of 2/4 + m*56/48?
7
Let x = 29 + -22. Suppose -6*n - 66 = -x*n. What is the units digit of n?
6
Let f(c) = 341*c - 10. Let d be f(8). What is the units digit of 6/(-8) - d/(-72)?
7
Let c = 219 + -11. Suppose 2*u + 2*u = c. What is the units digit of u?
2
Let f be (-2)/(-6)*(-2 - -5). Suppose k = 2*x, k - 3*x + 0 = f. What is the tens digit of ((-24)/(-4))/k + 41?
3
Suppose 4*b = -f + 208, -5*b + 332 = f + 73. Suppose -2*y + b = 4*q - 31, -y + 53 = -2*q. What is the tens digit of y?
4
Let f be (-6*(-16)/(-18))/((-2)/6). Suppose 0 = f*c - 15 - 97. What is the units digit of c?
7
Let c(p) = -33*p - 49. Let g = -3 - 3. What is the hundreds digit of c(g)?
1
Let k(n) = -n + 1. Let o be k(0). What is the units digit of ((-87)/(-6))/(((-5)/(-50))/o)?
5
Let d = -694 - -3045. What is the tens digit of d?
5
Let b(n) = 3*n**3 - 6*n**2 + n + 17. Let i(q) = q**2 - 11*q + 28. Let h be i(8). What is the units digit of b(h)?
7
Let o be (255/(-68))/((-6)/32). Let t(b) = 5*b - 36. What is the units digit of t(o)?
4
Suppose -38 = 2*d - 8. Let q = 17 + d. Suppose 5*v - 110 = -5*z, 6*z - 2*z - 40 = -q*v. What is the units digit of v?
4
Let l be (-3)/((-75)/10) + (-11236)/(-10). Suppose 4*v - 472 - 108 = -2*m, v = 4*m - l. What is the tens digit of m?
8
Suppose -77*i - 91497 = -98*i. What is the hundreds digit of i?
3
Let h = -1158 + 650. Let q = h - -743. What is the units digit of q?
5
Suppose 7*h = -3*t + 5534, 13 = -3*t + 10. What is the hundreds digit of h?
7
Let a = -804 + 4466. What is the tens digit of a?
6
Let s = 5 + -3. Suppose 2*c - 84 = -s*w, -3*w - 89 = -3*c + 31. What is the tens digit of c?
4
Suppose 0 = 94*v - 111*v + 5321. What is the units digit of v?
3
Let v = -49 - -52. Suppose -555 = -5*b + 2*p, -3*b + b + v*p + 222 = 0. What is the units digit of b?
1
Suppose 0 = u + 2 - 5. Suppose 0 = -3*a + 2*r + 11, -u*a = -0*a + r - 8. What is the units digit of (-4)/(7 - a) - -50?
9
Let x(b) = -b**2 + 18*b + 83. What is the units digit of x(20)?
3
Let c(f) = f**3 + 22*f**2 - 22*f + 26. Let b be c(-23). Suppose r - 155 = -0*r + b*y, 5 = y. What is the tens digit of r?
7
Let l = -29 - -27. Let c(z) = -128*z + 1. What is the tens digit of c(l)?
5
Let f be (20/4 - 1)*1. Suppose 876 = 4*t + f*y, 3*t - y = 774 - 125. What is the units digit of t?
7
Let l(c) = 23*c - 12. Let w(a) = -24*a + 13. Let d(q) = 5*l(q) + 4*w(q). What is the units digit of d(4)?
8
Let a(j) = -j**3 - 6*j**2 - 2*j - 5. Suppose 2*i - 2*x = -14, -i + 4*x - 22 = 2*i. Let g be a(i). Let t(z) = z - 1. What is the units digit of t(g)?
6
Let l = -465 - -615. What is the tens digit of l?
5
Let d(o) = o**3 + 7*o**2 - 7*o + 10. Let m be d(-8). Suppose -5*t + 3*f + 0 = -4, 0 = -5*t + f - m. What is the units digit of (t + 1 - -22)/2?
1
Let r(v) be the third derivative of -v**6/120 - v**5/20 + 7*v**4/12 - 2*v**3/3 - 4*v**2. What is the tens digit of r(-6)?
2
Let o = 479 - 391. What is the units digit of o?
8
Let r(l) = -20*l + 19. What is the tens digit of r(-17)?
5
Let q(r) = r**3 - 9*r**2 + 19*r + 1. Let n be q(7). Suppose 15*p - n = 9*p. What is the units digit of p?
6
Let f(q) = q**3 - 4*q**2 - 2. Let g be f(4). Let p be (2 - -7) + 8/g. Suppose -167 = -h - 2*h + p*s, 3*h + 3*s - 135 = 0. What is the tens digit of h?
4
Suppose 3*n - r = 2*r + 27, 0 = n + 4*r - 4. Suppose -496 = -n*g + 4*g. What is the units digit of g?
4
Let n = 5 - 11. Let i = 10 + n. What is the units digit of (34/(-5))/(i/(-10))?
7
Let h(n) = -n**2 - 10*n. Let p be h(-9). Suppose -p*g = -7*g. Suppose v + g*a = -2*a + 27, 5*a = -3*v + 81. What is the units digit of v?
7
Let y = 1015 + -29. What is the hundreds digit of y?
9
Let l = -4 + 53. What is the tens digit of l + (-3 - 9)/4?
4
What is the tens digit of 12/66*11/2*3567?
6
Let s(p) = -p**3 + 7*p**2 + 3. Let v be s(5). Suppose 2*n - v = 49. What is the tens digit of n?
5
Let j = -9 - -9. Suppose j*f + 5*f - 635 = 0. What is the hundreds digit of f?
1
Let c(o) = o**3 + 5*o**2 - 3*o - 12. Let r be c(-5). Suppose -2*z = -y - 86, -r*z + 2*z - 5*y = -32. What is the units digit of z?
2
Suppose -5*f + 117 = 397. Let z = -33 - f. Suppose -z = 3*r - 4*r. What is the tens digit of r?
2
Let o be (12/(-48))/(1/(-44)). Let f = o + -8. Suppose -u + f*u - 60 = 0. What is the tens digit of u?
3
Let s(r) = r**2 + 9*r - 5. Let z be s(-8). Suppose 4*b - 3*d = 14, 2*d - 3*d = -3*b + 13. Let h = b - z. What is the tens digit of h?
1
Let c(n) = 13*n - 4. Let s(t) = t + 6. Let a be s(-3). What is the tens digit of c(a)?
3
Let t =